 = -16*k + 8. What is the tens digit of v(-6)?
0
Let p be ((-306)/(-27))/((-1)/(-3)). Let v = -15 + p. What is the tens digit of v?
1
Let w = 152 + -36. Suppose -5*t + t = -w. What is the tens digit of t?
2
Suppose f + 2*f + n - 10 = 0, f + 4*n - 7 = 0. Suppose -f = 3*l - 9. Suppose l*u - 5*u = -42. What is the tens digit of u?
1
Suppose -3*c - 3*q - 26 = -4*c, -5*c + 2*q + 104 = 0. Suppose 5*y + 0*y = -c. Let l(g) = -2*g + 1. What is the units digit of l(y)?
9
Let s(n) = -29*n - 68. What is the units digit of s(-6)?
6
Let z be (-14)/(-21) - 8/(-6). Suppose 3*l + 3*w - z*w = 11, -2*w = 5*l - 17. Let x(f) = -f**3 + 6*f**2 - 2*f - 5. What is the tens digit of x(l)?
1
Let d(q) = q**2 + 6*q + 7. Let r be d(-5). Suppose -g + l + 7 = 0, g = r*g + l - 9. What is the units digit of 3/1 + g/(-4)?
1
Let n(p) = p**3 + 4*p**2 - 4*p. What is the units digit of n(-4)?
6
Let p(o) = -6*o + 8. What is the tens digit of p(-4)?
3
Suppose 2*f = 5*f - 123. What is the units digit of f?
1
Let f(d) = 2*d**2 + d + 1. Suppose a - 3*a = 2. Let i be f(a). Suppose -i*g = g - 9. What is the units digit of g?
3
Suppose i = -0*i + 5. Suppose -18 = i*u - 68. What is the units digit of u?
0
Let i(x) = 3*x + 1. Let b be i(1). Suppose v = -3*n - 17, -n = -v - b - 1. Let u(a) = a + 10. What is the units digit of u(v)?
2
Let y = 10 - 17. Let f(h) = 7*h**2 + 35 + 0*h**3 - 39 + h**3 - h. What is the units digit of f(y)?
3
Let n be -3*(0 + (-2 - -1)). Suppose -3*d - n*m + 90 = 0, -d - 3*m - 99 = -5*d. What is the units digit of d?
7
Suppose -5*d + 15 = 0, 0 = 2*j - 2*d + d - 117. Suppose 5*n - j = -5. Let c = n + -4. What is the units digit of c?
7
Let m = -15 + 11. Let a be m + 16 - (-4)/(-2). Suppose v - 5 = a. What is the tens digit of v?
1
Let x = 58 + -53. What is the units digit of x?
5
Suppose 4*p = 7*p - 150. What is the units digit of p?
0
Suppose 6*v - 8*v = -432. What is the hundreds digit of v?
2
What is the units digit of (-2)/(-9) + 223/9?
5
Let x(h) = h**3 + 8*h**2 - 11*h - 7. Let z be -6*6*2/8. What is the units digit of x(z)?
1
Let q be 9/((-5 - -2)/3). Let d = q - -37. What is the units digit of d?
8
What is the tens digit of 1544/12 + (-16)/(-12)?
3
Suppose -3*f + 0*k = -4*k - 118, -4*f - k + 189 = 0. What is the tens digit of f?
4
Let h(l) = -l**3 + 5*l**2 - 2*l - 3. Let s(k) = -k**3 - 6*k**2 - 7*k - 6. Suppose -d - 7 = -2. Let r be s(d). What is the units digit of h(r)?
5
Suppose 7 + 3 = 5*y. Suppose -3*i + y*k = i - 42, i + 3*k = 28. What is the units digit of i?
3
Let s(j) = 4*j**2 + 2*j - 3*j**3 + 6 - 4*j + 4*j**3. Let n be s(-5). Let u = n + 16. What is the units digit of u?
7
Let d be -3 + 1 - 0/2. Let y = 3 + d. Suppose 0 = 3*q - 22 + y. What is the units digit of q?
7
Suppose 10 = 3*f - 11. Let c(j) = -j**3 + 6*j**2 + 9*j - 5. What is the units digit of c(f)?
9
Let w(p) = 4*p**2 + 2*p + 3*p**2 - p**3 - 6 - 2. Let m = -7 + 14. What is the units digit of w(m)?
6
What is the tens digit of (0 - 3) + 4 + 19?
2
Let h = -80 + 193. What is the units digit of h?
3
Suppose 8*v - 3*v - 5 = 0. Let w(i) = 7*i + 1. What is the units digit of w(v)?
8
Let a be 40/15 - 2/(-6). What is the units digit of a/(-6) - 39/(-2)?
9
Let a = 265 + -150. What is the units digit of a?
5
Let r(h) = -h**2 + h. Let q be r(2). Let s(i) = i**3 + 3*i**2 + 4*i + 3. Let k be s(q). What is the units digit of (k - -4)/((-2)/(-4))?
6
Let g = -1 - 1. What is the units digit of (52/(-12))/(g/6)?
3
Let y(j) = -6*j. Let s be y(3). What is the units digit of (-30)/9*s/5?
2
Let n(r) = 3*r - 1. Let o be n(1). Suppose -10 + 2 = -o*h. What is the units digit of h?
4
Let q = 816 - 525. What is the units digit of q?
1
Let o = -19 + 0. Let n be (-1)/2*(o - 3). Let u(t) = t - 10. What is the units digit of u(n)?
1
Let y(f) = -2*f - 8. Let i be y(-6). Let h = i + -5. What is the units digit of ((-1)/4)/(h/4)?
1
Suppose 3*b - 123 + 35 = -5*j, -b + 2*j + 11 = 0. Let f(p) = -p - 5. Let t be f(-6). What is the units digit of ((-1)/(-3))/(t/b)?
7
Suppose 0 = -5*p - 4*w - 13 + 40, 2*w = 3*p - 25. Let c(g) = 3*g - 9. What is the tens digit of c(p)?
1
Let y(k) = -k**3 + 5*k**2 - 2*k + 6. Let t be y(5). What is the tens digit of 264/26 - t/(-26)?
1
Suppose 0 = o - 191 - 177. What is the hundreds digit of o?
3
Let t = 175 - 81. What is the tens digit of t?
9
Suppose 2*s = 3*s. Suppose s = -n - 3 + 7. What is the units digit of n?
4
Let m be 18/4*8/(-6). Let w = 4 + -2. What is the units digit of 1 + (0 - w) - m?
5
Suppose -3*b = -2*h - 7, 0*b - 22 = 5*h - 3*b. Let z(y) = -y**2. Let q(d) = -3*d**2 + 2*d + 3. Let j(x) = h*z(x) + q(x). What is the units digit of j(-2)?
7
What is the units digit of (2 + -6)/(-4)*23?
3
Let t(k) = k**2 - 5*k + 10. Let x be t(8). Suppose 3*d + 4*j + x = -0*d, 2*d = 3*j. What is the tens digit of (4 + d)*(-17)/2?
1
Suppose -b - 3*f = -8*f - 47, 4*f + 124 = 4*b. What is the tens digit of b?
2
Let r(q) = -q**3 - 12*q**2 + 11*q + 6. Let g be r(-13). Suppose -g = 4*f - 180. What is the tens digit of f?
3
Suppose 40 + 11 = 3*z. Suppose z = 3*w - 37. What is the tens digit of w?
1
Suppose -s + 6 = -2*w, 2*s - 5 = -w + 12. Let z = s - -14. What is the tens digit of z?
2
Let p = -48 + 67. What is the units digit of p?
9
Let o(q) = 17*q**2 - q. What is the tens digit of o(2)?
6
Suppose 4*r + 2*n = 3*n, -5*r + 7 = -3*n. What is the units digit of (-1 + 2)*(1 - r)?
2
Suppose 0 = -2*n + 3*n + 6. Let l(u) = -u - 3. Let f be l(-11). Let m = n + f. What is the units digit of m?
2
Let p(s) be the first derivative of s**3/3 + s - 2. What is the units digit of p(-2)?
5
Let c = 29 + -20. What is the units digit of c?
9
Suppose 3*m + 15 = 0, 4*d - 7 = -m - 0. Suppose -d*r + 125 = -5*x, -6*x - 130 = -3*r - 2*x. What is the units digit of r?
0
Let d = 4 - 2. Suppose d*u = -0*u + 22. What is the units digit of u?
1
Let h = 1 + -2. Let t be 0 + h - -1 - 0. Suppose 0 = 2*l + 5*b + 14, -b + t - 4 = 0. What is the units digit of l?
3
Let r = 33 + -28. What is the units digit of r?
5
Let w(f) = 6*f**2 + 4*f + 2. What is the tens digit of w(-2)?
1
Let d(f) = 3*f**3 + 2*f**2 - f + 1. What is the units digit of d(2)?
1
Let c = 0 - 0. Let k(m) be the first derivative of -m**3/3 - m**2/2 + 9*m + 1. What is the units digit of k(c)?
9
Let m(v) = v**3 + 7*v**2 - 6*v. Let k be m(-5). Let b = k + -45. What is the tens digit of b?
3
Let l(g) = 2*g - 9. Let k be l(6). Let z be ((-3)/9)/((-3)/36). What is the units digit of z/6 + 4/k?
2
Let w(t) = t**3 + t**2 + 1. Suppose -4 + 0 = 3*u - 2*f, 4*u - 3*f = -7. Suppose -u*b = -4*b. What is the units digit of w(b)?
1
Suppose 5*z - 8*z + 9 = 0. Let s(m) = m + 0*m + 2*m**2 - m**2. What is the units digit of s(z)?
2
Let z = 3 - 1. Suppose 0*j = -j - i + z, -j = -2*i - 2. What is the units digit of j?
2
Suppose -51 = -5*k + 104. What is the tens digit of k?
3
Suppose 26*h - 17*h = 1197. What is the hundreds digit of h?
1
What is the tens digit of (3/(-6)*2)/(1/(-73))?
7
Let t(a) = a**3 - 6*a**2 - 7*a - 6. Let w be t(7). What is the tens digit of (74/(-8))/(w/24)?
3
Suppose 0 = 26*j - 31*j + 355. What is the tens digit of j?
7
Let y be (2 - (-2 - -5)) + 6. Suppose 0 = y*d - 28 - 97. What is the units digit of d?
5
Let z(v) = -v**2 + 8*v + 1. Let d = -13 - -18. Suppose -6*w + 6 = -d*w. What is the units digit of z(w)?
3
Let s = -34 + 51. What is the tens digit of s?
1
Let m be -2 + -3 + 9 + 1. Suppose 6*a - 4*a - 3*i = 32, -66 = -m*a + 4*i. What is the tens digit of a?
1
Let s(k) = k**3 - 2*k**2 - 2*k + 3. Let v be s(3). Suppose -v*x + 28 = -2*x. What is the units digit of x?
7
Let f be ((-6)/(-15))/((-3)/(-30)). Suppose -149 = -f*c + 91. Suppose o = n - 3*n + 8, -4*o + c = n. What is the units digit of o?
6
Let s be (-6)/4*(-14)/3. Let x = 11 - s. What is the units digit of x?
4
Let w(r) = r**2 - 4*r + 2. Let j be w(4). Suppose -s = -j*s + 2. Suppose 20 = 4*f - 0*f, 0 = -s*p - 2*f + 24. What is the units digit of p?
7
Let i(m) = -m**3 - 6*m**2 - 5*m. Let n be i(-5). Suppose -a + x - 6*x - 9 = n, x + 5 = -a. What is the units digit of (a/(-2))/((-1)/(-2))?
4
Suppose 8 = o - 4*p - 10, -12 = -4*o - 4*p. Let a be ((-18)/(-15))/(o/20). Suppose 19 + 17 = a*t. What is the units digit of t?
9
Let z be 37 - (6/(-3))/2. Suppose -6*p = -4*p - z. What is the tens digit of p?
1
What is the tens digit 